{"id":2684,"date":"2026-03-18T18:59:34","date_gmt":"2026-03-18T18:59:34","guid":{"rendered":"https:\/\/calvo.nl\/projecten\/amenagement-en-mousse-en-couleur\/"},"modified":"2026-06-05T14:08:07","modified_gmt":"2026-06-05T14:08:07","slug":"amenagement-en-mousse-en-couleur","status":"publish","type":"projecten","link":"https:\/\/calvo.nl\/fr\/projecten\/amenagement-en-mousse-en-couleur\/","title":{"rendered":"Am\u00e9nagement en mousse en couleur"},"content":{"rendered":"\n<p class=\"wp-block-paragraph\">Nous produisons cet am\u00e9nagement en mousse rouge et noir pour un client. Les calages en mousse sont plac\u00e9s dans un bac en plastique, seule la partie sup\u00e9rieure reste alors visible. En combinant une couche sup\u00e9rieure noire avec une couche inf\u00e9rieure rouge, il est plus facile de remarquer lorsqu\u2019un emplacement est vide. Gr\u00e2ce \u00e0 nos propres machines, nous refendons les plaques de mousse \u00e0 l\u2019\u00e9paisseur souhait\u00e9e avant de les laminer \u00e0 chaud les unes sur les autres. Des fraiseuses r\u00e9alisent ensuite les d\u00e9coupes sur mesure, y compris \u00e0 diff\u00e9rentes profondeurs. Pour notre client, qui loue \u00e9galement ses produits, il est facile de v\u00e9rifier si des pi\u00e8ces manquent apr\u00e8s le retour de la marchandise.     <\/p>\n\n<div style=\"height:20px\" aria-hidden=\"true\" class=\"wp-block-spacer\"><\/div>\n\n<p class=\"wp-block-paragraph\">Vous avez \u00e9galement besoin d\u2019un am\u00e9nagement en mousse sur mesure ? <a href=\"https:\/\/calvo.nl\/fr\/contact\/\">Contactez-nous<\/a>. Nous \u00e9tudierons ensemble une disposition, une profondeur et une finition intelligentes. <br\/><\/p>\n\n<p class=\"wp-block-paragraph\"><\/p>\n","protected":false},"featured_media":2212,"template":"","class_list":["post-2684","projecten","type-projecten","status-publish","has-post-thumbnail","hentry"],"acf":[],"yoast_head":"<!-- This site is optimized with the Yoast SEO plugin v28.4 - https:\/\/yoast.com\/product\/yoast-seo-wordpress\/ -->\n<title>Am\u00e9nagement en mousse en couleur - Calvo International B.V.<\/title>\n<meta name=\"robots\" content=\"index, follow, max-snippet:-1, max-image-preview:large, max-video-preview:-1\" \/>\n<link rel=\"canonical\" href=\"https:\/\/calvo.nl\/fr\/projecten\/amenagement-en-mousse-en-couleur\/\" \/>\n<meta property=\"og:locale\" content=\"fr_FR\" \/>\n<meta property=\"og:type\" content=\"article\" \/>\n<meta property=\"og:title\" content=\"Am\u00e9nagement en mousse en couleur - Calvo International B.V.\" \/>\n<meta property=\"og:description\" content=\"Nous produisons cet am\u00e9nagement en mousse rouge et noir pour un client. Les calages en mousse sont plac\u00e9s dans un bac en plastique, seule la partie sup\u00e9rieure reste alors visible. En combinant une couche sup\u00e9rieure noire avec une couche inf\u00e9rieure rouge, il est plus facile de remarquer lorsqu\u2019un emplacement est vide. Gr\u00e2ce \u00e0 nos propres [&hellip;]\" \/>\n<meta property=\"og:url\" content=\"https:\/\/calvo.nl\/fr\/projecten\/amenagement-en-mousse-en-couleur\/\" \/>\n<meta property=\"og:site_name\" content=\"Calvo International B.V.\" \/>\n<meta property=\"article:modified_time\" content=\"2026-06-05T14:08:07+00:00\" \/>\n<meta property=\"og:image\" content=\"https:\/\/calvo.nl\/wp-content\/uploads\/2026\/03\/Schuiminterieur-kleur.png\" \/>\n\t<meta property=\"og:image:width\" content=\"1454\" \/>\n\t<meta property=\"og:image:height\" content=\"1233\" \/>\n\t<meta property=\"og:image:type\" content=\"image\/png\" \/>\n<meta name=\"twitter:card\" content=\"summary_large_image\" \/>\n<meta name=\"twitter:label1\" content=\"Dur\u00e9e de lecture estim\u00e9e\" \/>\n\t<meta name=\"twitter:data1\" content=\"1 minute\" \/>\n<script type=\"application\/ld+json\" class=\"yoast-schema-graph\">{\"@context\":\"https:\\\/\\\/schema.org\",\"@graph\":[{\"@type\":\"WebPage\",\"@id\":\"https:\\\/\\\/calvo.nl\\\/fr\\\/projecten\\\/amenagement-en-mousse-en-couleur\\\/\",\"url\":\"https:\\\/\\\/calvo.nl\\\/fr\\\/projecten\\\/amenagement-en-mousse-en-couleur\\\/\",\"name\":\"Am\u00e9nagement en mousse en couleur - Calvo International B.V.\",\"isPartOf\":{\"@id\":\"https:\\\/\\\/calvo.nl\\\/fr\\\/#website\"},\"primaryImageOfPage\":{\"@id\":\"https:\\\/\\\/calvo.nl\\\/fr\\\/projecten\\\/amenagement-en-mousse-en-couleur\\\/#primaryimage\"},\"image\":{\"@id\":\"https:\\\/\\\/calvo.nl\\\/fr\\\/projecten\\\/amenagement-en-mousse-en-couleur\\\/#primaryimage\"},\"thumbnailUrl\":\"https:\\\/\\\/calvo.nl\\\/wp-content\\\/uploads\\\/2026\\\/03\\\/Schuiminterieur-kleur.png\",\"datePublished\":\"2026-03-18T18:59:34+00:00\",\"dateModified\":\"2026-06-05T14:08:07+00:00\",\"breadcrumb\":{\"@id\":\"https:\\\/\\\/calvo.nl\\\/fr\\\/projecten\\\/amenagement-en-mousse-en-couleur\\\/#breadcrumb\"},\"inLanguage\":\"fr-FR\",\"potentialAction\":[{\"@type\":\"ReadAction\",\"target\":[\"https:\\\/\\\/calvo.nl\\\/fr\\\/projecten\\\/amenagement-en-mousse-en-couleur\\\/\"]}]},{\"@type\":\"ImageObject\",\"inLanguage\":\"fr-FR\",\"@id\":\"https:\\\/\\\/calvo.nl\\\/fr\\\/projecten\\\/amenagement-en-mousse-en-couleur\\\/#primaryimage\",\"url\":\"https:\\\/\\\/calvo.nl\\\/wp-content\\\/uploads\\\/2026\\\/03\\\/Schuiminterieur-kleur.png\",\"contentUrl\":\"https:\\\/\\\/calvo.nl\\\/wp-content\\\/uploads\\\/2026\\\/03\\\/Schuiminterieur-kleur.png\",\"width\":1454,\"height\":1233,\"caption\":\"Am\u00e9nagement en mousse de couleur rouge\"},{\"@type\":\"BreadcrumbList\",\"@id\":\"https:\\\/\\\/calvo.nl\\\/fr\\\/projecten\\\/amenagement-en-mousse-en-couleur\\\/#breadcrumb\",\"itemListElement\":[{\"@type\":\"ListItem\",\"position\":1,\"name\":\"Home\",\"item\":\"https:\\\/\\\/calvo.nl\\\/fr\\\/page-daccueil\\\/\"},{\"@type\":\"ListItem\",\"position\":2,\"name\":\"Am\u00e9nagement en mousse en couleur\"}]},{\"@type\":\"WebSite\",\"@id\":\"https:\\\/\\\/calvo.nl\\\/fr\\\/#website\",\"url\":\"https:\\\/\\\/calvo.nl\\\/fr\\\/\",\"name\":\"Calvo International B.V.\",\"description\":\"D\u00e9 specialist in maatwerk verpakkingen en transportsystemen\",\"publisher\":{\"@id\":\"https:\\\/\\\/calvo.nl\\\/fr\\\/#organization\"},\"potentialAction\":[{\"@type\":\"SearchAction\",\"target\":{\"@type\":\"EntryPoint\",\"urlTemplate\":\"https:\\\/\\\/calvo.nl\\\/fr\\\/?s={search_term_string}\"},\"query-input\":{\"@type\":\"PropertyValueSpecification\",\"valueRequired\":true,\"valueName\":\"search_term_string\"}}],\"inLanguage\":\"fr-FR\"},{\"@type\":\"Organization\",\"@id\":\"https:\\\/\\\/calvo.nl\\\/fr\\\/#organization\",\"name\":\"Calvo International B.V.\",\"url\":\"https:\\\/\\\/calvo.nl\\\/fr\\\/\",\"logo\":{\"@type\":\"ImageObject\",\"inLanguage\":\"fr-FR\",\"@id\":\"https:\\\/\\\/calvo.nl\\\/fr\\\/#\\\/schema\\\/logo\\\/image\\\/\",\"url\":\"https:\\\/\\\/calvo.nl\\\/wp-content\\\/uploads\\\/2025\\\/12\\\/cropped-Calvo-logo.png\",\"contentUrl\":\"https:\\\/\\\/calvo.nl\\\/wp-content\\\/uploads\\\/2025\\\/12\\\/cropped-Calvo-logo.png\",\"width\":160,\"height\":39,\"caption\":\"Calvo International B.V.\"},\"image\":{\"@id\":\"https:\\\/\\\/calvo.nl\\\/fr\\\/#\\\/schema\\\/logo\\\/image\\\/\"}}]}<\/script>\n<!-- \/ Yoast SEO plugin. -->","yoast_head_json":{"title":"Am\u00e9nagement en mousse en couleur - Calvo International B.V.","robots":{"index":"index","follow":"follow","max-snippet":"max-snippet:-1","max-image-preview":"max-image-preview:large","max-video-preview":"max-video-preview:-1"},"canonical":"https:\/\/calvo.nl\/fr\/projecten\/amenagement-en-mousse-en-couleur\/","og_locale":"fr_FR","og_type":"article","og_title":"Am\u00e9nagement en mousse en couleur - Calvo International B.V.","og_description":"Nous produisons cet am\u00e9nagement en mousse rouge et noir pour un client. Les calages en mousse sont plac\u00e9s dans un bac en plastique, seule la partie sup\u00e9rieure reste alors visible. En combinant une couche sup\u00e9rieure noire avec une couche inf\u00e9rieure rouge, il est plus facile de remarquer lorsqu\u2019un emplacement est vide. Gr\u00e2ce \u00e0 nos propres [&hellip;]","og_url":"https:\/\/calvo.nl\/fr\/projecten\/amenagement-en-mousse-en-couleur\/","og_site_name":"Calvo International B.V.","article_modified_time":"2026-06-05T14:08:07+00:00","og_image":[{"width":1454,"height":1233,"url":"https:\/\/calvo.nl\/wp-content\/uploads\/2026\/03\/Schuiminterieur-kleur.png","type":"image\/png"}],"twitter_card":"summary_large_image","twitter_misc":{"Dur\u00e9e de lecture estim\u00e9e":"1 minute"},"schema":{"@context":"https:\/\/schema.org","@graph":[{"@type":"WebPage","@id":"https:\/\/calvo.nl\/fr\/projecten\/amenagement-en-mousse-en-couleur\/","url":"https:\/\/calvo.nl\/fr\/projecten\/amenagement-en-mousse-en-couleur\/","name":"Am\u00e9nagement en mousse en couleur - Calvo International B.V.","isPartOf":{"@id":"https:\/\/calvo.nl\/fr\/#website"},"primaryImageOfPage":{"@id":"https:\/\/calvo.nl\/fr\/projecten\/amenagement-en-mousse-en-couleur\/#primaryimage"},"image":{"@id":"https:\/\/calvo.nl\/fr\/projecten\/amenagement-en-mousse-en-couleur\/#primaryimage"},"thumbnailUrl":"https:\/\/calvo.nl\/wp-content\/uploads\/2026\/03\/Schuiminterieur-kleur.png","datePublished":"2026-03-18T18:59:34+00:00","dateModified":"2026-06-05T14:08:07+00:00","breadcrumb":{"@id":"https:\/\/calvo.nl\/fr\/projecten\/amenagement-en-mousse-en-couleur\/#breadcrumb"},"inLanguage":"fr-FR","potentialAction":[{"@type":"ReadAction","target":["https:\/\/calvo.nl\/fr\/projecten\/amenagement-en-mousse-en-couleur\/"]}]},{"@type":"ImageObject","inLanguage":"fr-FR","@id":"https:\/\/calvo.nl\/fr\/projecten\/amenagement-en-mousse-en-couleur\/#primaryimage","url":"https:\/\/calvo.nl\/wp-content\/uploads\/2026\/03\/Schuiminterieur-kleur.png","contentUrl":"https:\/\/calvo.nl\/wp-content\/uploads\/2026\/03\/Schuiminterieur-kleur.png","width":1454,"height":1233,"caption":"Am\u00e9nagement en mousse de couleur rouge"},{"@type":"BreadcrumbList","@id":"https:\/\/calvo.nl\/fr\/projecten\/amenagement-en-mousse-en-couleur\/#breadcrumb","itemListElement":[{"@type":"ListItem","position":1,"name":"Home","item":"https:\/\/calvo.nl\/fr\/page-daccueil\/"},{"@type":"ListItem","position":2,"name":"Am\u00e9nagement en mousse en couleur"}]},{"@type":"WebSite","@id":"https:\/\/calvo.nl\/fr\/#website","url":"https:\/\/calvo.nl\/fr\/","name":"Calvo International B.V.","description":"D\u00e9 specialist in maatwerk verpakkingen en transportsystemen","publisher":{"@id":"https:\/\/calvo.nl\/fr\/#organization"},"potentialAction":[{"@type":"SearchAction","target":{"@type":"EntryPoint","urlTemplate":"https:\/\/calvo.nl\/fr\/?s={search_term_string}"},"query-input":{"@type":"PropertyValueSpecification","valueRequired":true,"valueName":"search_term_string"}}],"inLanguage":"fr-FR"},{"@type":"Organization","@id":"https:\/\/calvo.nl\/fr\/#organization","name":"Calvo International B.V.","url":"https:\/\/calvo.nl\/fr\/","logo":{"@type":"ImageObject","inLanguage":"fr-FR","@id":"https:\/\/calvo.nl\/fr\/#\/schema\/logo\/image\/","url":"https:\/\/calvo.nl\/wp-content\/uploads\/2025\/12\/cropped-Calvo-logo.png","contentUrl":"https:\/\/calvo.nl\/wp-content\/uploads\/2025\/12\/cropped-Calvo-logo.png","width":160,"height":39,"caption":"Calvo International B.V."},"image":{"@id":"https:\/\/calvo.nl\/fr\/#\/schema\/logo\/image\/"}}]}},"_links":{"self":[{"href":"https:\/\/calvo.nl\/fr\/wp-json\/wp\/v2\/projecten\/2684","targetHints":{"allow":["GET"]}}],"collection":[{"href":"https:\/\/calvo.nl\/fr\/wp-json\/wp\/v2\/projecten"}],"about":[{"href":"https:\/\/calvo.nl\/fr\/wp-json\/wp\/v2\/types\/projecten"}],"wp:featuredmedia":[{"embeddable":true,"href":"https:\/\/calvo.nl\/fr\/wp-json\/wp\/v2\/media\/2212"}],"wp:attachment":[{"href":"https:\/\/calvo.nl\/fr\/wp-json\/wp\/v2\/media?parent=2684"}],"curies":[{"name":"wp","href":"https:\/\/api.w.org\/{rel}","templated":true}]}}

Aménagement en mousse en couleur

<p class="wp-block-paragraph">Nous produisons cet aménagement en mousse rouge et noir pour un client. Les calages en mousse sont placés dans un bac en plastique, seule la partie supérieure reste alors visible. En combinant une couche supérieure noire avec une couche inférieure rouge, il est plus facile de remarquer lorsqu’un emplacement est vide. Grâce à nos propres machines, nous refendons les plaques de mousse à l’épaisseur souhaitée avant de les laminer à chaud les unes sur les autres. Des fraiseuses réalisent ensuite les découpes sur mesure, y compris à différentes profondeurs. Pour notre client, qui loue également ses produits, il est facile de vérifier si des pièces manquent après le retour de la marchandise.     </p>

<div style="height:20px" aria-hidden="true" class="wp-block-spacer"></div>

<p class="wp-block-paragraph">Vous avez également besoin d’un aménagement en mousse sur mesure ? <a href="https://calvo.nl/fr/contact/">Contactez-nous</a>. Nous étudierons ensemble une disposition, une profondeur et une finition intelligentes. <br/></p>

<p class="wp-block-paragraph"></p>

<!-- This site is optimized with the Yoast SEO plugin v28.4 - https://yoast.com/product/yoast-seo-wordpress/ -->
<title>Aménagement en mousse en couleur - Calvo International B.V.</title>
<meta name="robots" content="index, follow, max-snippet:-1, max-image-preview:large, max-video-preview:-1" />
<link rel="canonical" href="https://calvo.nl/fr/projecten/amenagement-en-mousse-en-couleur/" />
<meta property="og:locale" content="fr_FR" />
<meta property="og:type" content="article" />
<meta property="og:title" content="Aménagement en mousse en couleur - Calvo International B.V." />
<meta property="og:description" content="Nous produisons cet aménagement en mousse rouge et noir pour un client. Les calages en mousse sont placés dans un bac en plastique, seule la partie supérieure reste alors visible. En combinant une couche supérieure noire avec une couche inférieure rouge, il est plus facile de remarquer lorsqu’un emplacement est vide. Grâce à nos propres [&hellip;]" />
<meta property="og:url" content="https://calvo.nl/fr/projecten/amenagement-en-mousse-en-couleur/" />
<meta property="og:site_name" content="Calvo International B.V." />
<meta property="article:modified_time" content="2026-06-05T14:08:07+00:00" />
<meta property="og:image" content="https://calvo.nl/wp-content/uploads/2026/03/Schuiminterieur-kleur.png" />
	<meta property="og:image:width" content="1454" />
	<meta property="og:image:height" content="1233" />
	<meta property="og:image:type" content="image/png" />
<meta name="twitter:card" content="summary_large_image" />
<meta name="twitter:label1" content="Durée de lecture estimée" />
	<meta name="twitter:data1" content="1 minute" />
<script type="application/ld+json" class="yoast-schema-graph">{"@context":"https:\/\/schema.org","@graph":[{"@type":"WebPage","@id":"https:\/\/calvo.nl\/fr\/projecten\/amenagement-en-mousse-en-couleur\/","url":"https:\/\/calvo.nl\/fr\/projecten\/amenagement-en-mousse-en-couleur\/","name":"Aménagement en mousse en couleur - Calvo International B.V.","isPartOf":{"@id":"https:\/\/calvo.nl\/fr\/#website"},"primaryImageOfPage":{"@id":"https:\/\/calvo.nl\/fr\/projecten\/amenagement-en-mousse-en-couleur\/#primaryimage"},"image":{"@id":"https:\/\/calvo.nl\/fr\/projecten\/amenagement-en-mousse-en-couleur\/#primaryimage"},"thumbnailUrl":"https:\/\/calvo.nl\/wp-content\/uploads\/2026\/03\/Schuiminterieur-kleur.png","datePublished":"2026-03-18T18:59:34+00:00","dateModified":"2026-06-05T14:08:07+00:00","breadcrumb":{"@id":"https:\/\/calvo.nl\/fr\/projecten\/amenagement-en-mousse-en-couleur\/#breadcrumb"},"inLanguage":"fr-FR","potentialAction":[{"@type":"ReadAction","target":["https:\/\/calvo.nl\/fr\/projecten\/amenagement-en-mousse-en-couleur\/"]}]},{"@type":"ImageObject","inLanguage":"fr-FR","@id":"https:\/\/calvo.nl\/fr\/projecten\/amenagement-en-mousse-en-couleur\/#primaryimage","url":"https:\/\/calvo.nl\/wp-content\/uploads\/2026\/03\/Schuiminterieur-kleur.png","contentUrl":"https:\/\/calvo.nl\/wp-content\/uploads\/2026\/03\/Schuiminterieur-kleur.png","width":1454,"height":1233,"caption":"Aménagement en mousse de couleur rouge"},{"@type":"BreadcrumbList","@id":"https:\/\/calvo.nl\/fr\/projecten\/amenagement-en-mousse-en-couleur\/#breadcrumb","itemListElement":[{"@type":"ListItem","position":1,"name":"Home","item":"https:\/\/calvo.nl\/fr\/page-daccueil\/"},{"@type":"ListItem","position":2,"name":"Aménagement en mousse en couleur"}]},{"@type":"WebSite","@id":"https:\/\/calvo.nl\/fr\/#website","url":"https:\/\/calvo.nl\/fr\/","name":"Calvo International B.V.","description":"Dé specialist in maatwerk verpakkingen en transportsystemen","publisher":{"@id":"https:\/\/calvo.nl\/fr\/#organization"},"potentialAction":[{"@type":"SearchAction","target":{"@type":"EntryPoint","urlTemplate":"https:\/\/calvo.nl\/fr\/?s={search_term_string}"},"query-input":{"@type":"PropertyValueSpecification","valueRequired":true,"valueName":"search_term_string"}}],"inLanguage":"fr-FR"},{"@type":"Organization","@id":"https:\/\/calvo.nl\/fr\/#organization","name":"Calvo International B.V.","url":"https:\/\/calvo.nl\/fr\/","logo":{"@type":"ImageObject","inLanguage":"fr-FR","@id":"https:\/\/calvo.nl\/fr\/#\/schema\/logo\/image\/","url":"https:\/\/calvo.nl\/wp-content\/uploads\/2025\/12\/cropped-Calvo-logo.png","contentUrl":"https:\/\/calvo.nl\/wp-content\/uploads\/2025\/12\/cropped-Calvo-logo.png","width":160,"height":39,"caption":"Calvo International B.V."},"image":{"@id":"https:\/\/calvo.nl\/fr\/#\/schema\/logo\/image\/"}}]}</script>
<!-- / Yoast SEO plugin. -->

Aménagement en mousse en couleur - Calvo International B.V.

Nous produisons cet aménagement en mousse rouge et noir pour un client. Les calages en mousse sont placés dans un bac en plastique, seule la partie supérieure reste alors visible. En combinant une couche supérieure noire avec une couche inférieure rouge, il est plus facile de remarquer lorsqu’un emplacement est vide. Grâce à nos propres [&hellip;]

Aménagement en mousse de couleur rouge

Dé specialist in maatwerk verpakkingen en transportsystemen
